False
Does 20 divide 444423248?
False
Is 653 a factor of 405946900?
False
Does 249 divide 8407900?
False
Does 165 divide 36800610?
True
Is 166 a factor of 19818902?
False
Is 75263122 a multiple of 22?
True
Is 2748628662 a multiple of 2591?
False
Is 56123005 a multiple of 8?
False
Does 2390 divide 1245951688?
False
Is 22 a factor of 80243492?
False
Is 20193264 a multiple of 273?
True
Does 22 divide 72473273?
False
Is 454 a factor of 10762070?
True
Is 10 a factor of 470880564?
False
Is 32121067 a multiple of 9?
False
Is 1391345158 a multiple of 3327?
False
Is 3376 a factor of 1197831808?
True
Is 9 a factor of 11420145?
True
Is 1665037134 a multiple of 7614?
True
Is 133 a factor of 31604583?
False
Is 5036 a factor of 574411971?
False
Is 23963436 a multiple of 252?
True
Is 2004 a factor of 1869919100?
False
Is 20 a factor of 85574300?
True
Does 1087 divide 35254223?
False
Does 11 divide 627482284?
True
Does 50 divide 87169300?
True
Is 1128169293 a multiple of 327?
True
Is 289 a factor of 8316264?
True
Is 17 a factor of 17300970?
False
Does 19 divide 640101906?
True
Is 2506988 a multiple of 4?
True
Is 94525402 a multiple of 15?
False
Does 165 divide 96507510?
True
Is 40325012 a multiple of 1357?
False
Does 2390 divide 403910?
True
Is 14 a factor of 877643340?
True
Does 34 divide 389032012?
True
Is 364210344 a multiple of 1548?
True
Is 12 a factor of 108291693?
False
Does 3099 divide 511951701?
True
Is 478 a factor of 28492185?
False
Is 17 a factor of 253667744?
True
Does 23 divide 29603507?
True
Does 28 divide 4473611436?
True
Is 88563057 a multiple of 71?
True
Is 594 a factor of 15351930?
True
Is 1346714022 a multiple of 540?
False
Is 1006158315 a multiple of 48?
False
Does 3848 divide 82216368?
True
Does 556 divide 7875740?
True
Is 991 a factor of 11707674?
True
Does 1223 divide 55626932?
True
Is 20286915 a multiple of 3587?
False
Is 25 a factor of 164558080?
False
Does 1539 divide 258345774?
True
Does 6732 divide 1136244285?
False
Does 2860 divide 381432480?
True
Does 11 divide 3513042566?
True
Is 99712032 a multiple of 28?
True
Is 187 a factor of 2888484654?
True
Is 7 a factor of 268595947?
False
Does 8479 divide 2312789693?
False
Is 1045 a factor of 262302315?
True
Is 29360624 a multiple of 38?
True
Is 131 a factor of 134069828?
False
Is 1792 a factor of 1886893568?
True
Does 434 divide 15469062?
True
Does 35 divide 59034078?
False
Does 4 divide 391237000?
True
Does 3502 divide 2994085884?
False
Does 2984 divide 358174632?
False
Is 241 a factor of 303465580?
False
Is 209945826 a multiple of 62?
True
Is 9096210 a multiple of 2110?
True
Does 306 divide 46810962?
True
Is 2 a factor of 7073043?
False
Is 22 a factor of 494835040?
False
Does 251 divide 27211412?
True
Does 336 divide 37329264?
True
Is 51 a factor of 111593033?
False
Is 34 a factor of 10386555?
False
Is 81 a factor of 48854029?
False
Is 476705439 a multiple of 14?
False
Is 16 a factor of 104445216?
True
Does 1731 divide 438894759?
False
Does 3238 divide 4257892555?
False
Is 21 a factor of 614817?
True
Is 14 a factor of 2364967346?
True
Is 150 a factor of 202848450?
True
Is 317787080 a multiple of 664?
True
Is 17290359 a multiple of 1233?
True
Is 1008857020 a multiple of 1670?
True
Is 3847 a factor of 596477350?
True
Does 134 divide 5045471181?
False
Does 50 divide 275960960?
False
Does 15 divide 16526880?
True
Is 66 a factor of 889510644?
True
Is 28 a factor of 71629040?
True
Does 1387 divide 21799479?
True
Is 393776984 a multiple of 136?
True
Does 179 divide 547298336?
False
Is 21708965 a multiple of 29?
True
Is 262499842 a multiple of 11?
True
Is 159 a factor of 79595241?
True
Is 132273218 a multiple of 77?
True
Is 62585270 a multiple of 110?
True
Is 174532779 a multiple of 647?
True
Does 74 divide 80546096?
False
Does 15 divide 641983708?
False
Is 678174487 a multiple of 107?
False
Does 16 divide 825632480?
True
Is 3 a factor of 57480047?
False
Is 962 a factor of 18242772?
False
Is 129 a factor of 154173888?
False
Is 24225120 even?
True
Is 5 a factor of 74800489?
False
Is 567246274 a multiple of 14?
True
Is 61 a factor of 553575?
True
Does 396 divide 3398951160?
True
Is 1313034680 a multiple of 388?
True
Is 2427 a factor of 839742?
True
Is 264303137 a multiple of 12?
False
Does 41 divide 77414278?
False
Is 221378974 a multiple of 504?
False
Is 365 a factor of 1426583520?
True
Does 507 divide 19760832?
True
Is 105 a factor of 109019085?
True
Is 10556788 a multiple of 298?
False
Does 42 divide 55951224?
True
Is 39496672 a multiple of 1073?
False
Is 791750670 a multiple of 3183?
False
Is 607334947 a multiple of 26?
False
Is 1133 a factor of 37745?
False
Does 1666 divide 4477541?
False
Does 399 divide 187547955?
True
Does 3633 divide 1445298225?
True
Is 53 a factor of 349427993?
True
Does 3637 divide 2665669726?
False
Does 455 divide 2411198790?
True
Is 55801939 a multiple of 131?
True
Is 8499953 a multiple of 416?
False
Does 5 divide 147231922?
False
Is 52 a factor of 11812892?
True
Is 57700405 a multiple of 80?
False
Is 4439 a factor of 63029361?
True
Is 14879522 a multiple of 202?
True
Is 643 a factor of 139229554?
False
Is 17873530 a multiple of 61?
False
Is 29336042 a multiple of 109?
True
Is 17 a factor of 22276766?
True
Is 4943399692 a multiple of 2564?
True
Is 203469478 a multiple of 193?
True
Is 161498766 a multiple of 75?
False
Is 280 a factor of 71321880?
True
Does 996 divide 38729339?
False
Does 8389 divide 647751908?
False
Does 15 divide 741868001?
False
Is 53 a factor of 24924787?
True
Is 706843072 a multiple of 587?
False
Is 760518640 a multiple of 602?
True
Is 25783439 a multiple of 75?
False
Is 87 a factor of 1747580049?
True
Is 15 a factor of 1296675?
True
Does 898 divide 2988156064?
True
Is 32 a factor of 1087450208?
True
Does 143 divide 7953803?
True
Is 9014073 a multiple of 4041?
False
Does 66 divide 35564430?
True
Does 92 divide 418564906?
False
Does 96 divide 418464251?
False
Is 1690 a factor of 836366252?
False
Is 175 a factor of 95197025?
True
Does 237 divide 115464504?
True
Does 470 divide 12021649?
False
Is 41980848 a multiple of 52?
True
Is 29 a factor of 2873476722?
False
Is 5488091 a multiple of 5?
False
Does 185 divide 3127315106?
False
Does 156 divide 27903252?
True
Is 457569777 a multiple of 41?
False
Is 98 a factor of 848768253?
False
Is 1785524875 a multiple of 484?
False
Is 4 a factor of 4825280?
True
Is 4307 a factor of 299836112?
True
Is 674427414 a multiple of 92?
False
Is 67316220 a multiple of 78?
False
Is 1538 a factor of 329215246?
False
Is 6 a factor of 102967980?
True
Is 219307946 a multiple of 13?
True
Does 9 divide 378733464?
True
Does 2233 divide 864275757?
False
Is 46 a factor of 18534669?
False
Is 10 a factor of 70475050?
True
Is 1134 a factor of 17502518?
False
Is 75 a factor of 893214150?
True
Is 20500960 a multiple of 20?
True
Is 36 a factor of 818665158?
False
Is 243 a factor of 24610103?
False
Is 2975 a factor of 1001248150?
True
Does 352 divide 90844347?
False
Is 2614348 a multiple of 2?
True
Does 248 divide 9443096?
True
Does 29 divide 8123746?
False
Does 13 divide 18696080?
True
Is 1008095 a multiple of 24?
False
Is 39 a factor of 225322017?
False
Does 178 divide 20172101?
False
Does 55 divide 7763140?
True
Does 3512 divide 251182498?
False
Is 7 a factor of 355354086?
False
Is 20 a factor of 263432339?
False
Is 998632023 a multiple of 2024?
False
Is 66911691 a multiple of 11?
True
Is 54926677 a multiple of 13?
True
Does 41 divide 248252163?
False
Is 67212960 a multiple of 27?
False
Does 163 divide 2893792138?
True
Does 9339 divide 394161834?
True
Is 10 a factor of 660719120?
True
Is 41984477 a multiple of 1228?
False
Is 16 a factor of 4121920?
True
Does 102 divide 17397120?
True
Does 1033 divide 70155162?
True
Does 79 divide 896739191?
True
Is 9065797 a multiple of 41?
True
Does 16 divide 642067824?
True
Is 259 a factor of 1408974245?
True
Is 38549644 a multiple of 40?
False
Does 3283 divide 55788019?
True
Does 2986 divide 3816198291?
False
Is 15915483 a multiple of 16?
False
Is 49978531 a multiple of 408?
False
Is 46 a factor of 2270764976?
True
Does 272 divide 41545280?
True
Is 461 a factor of 266257004?
True
Is 294313135 a multiple of 19?
True
Is 14 a factor of 429176394?
False
Does 44 divide 8349932?
False
Does 3717 div